0 - 3))/2. Let c = v + 10. Calculate the remainder when c is divided by y.
2
Let h = 22108 + -21208. What is the remainder when h is divided by 300?
0
Let d(t) = -83*t + 1767. Calculate the remainder when 886 is divided by d(21).
22
Suppose 24*b - 157 = 59. Calculate the remainder when 68 is divided by b.
5
Suppose -4*y + 401 + 491 = 0. Suppose -44*c + 57*c = 128*c - 2450 - 425. What is the remainder when y is divided by c?
23
What is the remainder when (-82 - -1767)*(-4)/(-10) is divided by 51?
11
Let c(r) = -39*r**3 - 2*r**2 - 5*r - 2. Let x(i) = -i**2 + 5*i + 102. Let p be x(-8). What is the remainder when c(p) is divided by 45?
42
Suppose 0 = 19*a - 73 + 16. Calculate the remainder when 106 is divided by (42/(-18) + a)/((-2)/(-108)).
34
Let x(c) = 2*c**3 - 35*c**2 + 59*c + 303. Calculate the remainder when ((-1256)/12)/(2/(-6)) is divided by x(15).
62
Suppose 21*j + 2591 = 74*j + 948. Suppose 0 = f - 7 - 10. What is the remainder when j is divided by f?
14
Let x be -1 - (-6)/10 - (-1696)/40. Suppose x = -43*n + 44*n + 3*y, 4 = -2*y. What is the remainder when 190 is divided by n?
46
What is the remainder when 501 is divided by (141 - 182)/(((-2)/3)/2)?
9
Suppose 5*z - 7 = 13*f - 9*f, -3*f - 15 = -7*z. What is the remainder when 336 is divided by z?
0
Suppose 13 = 3*g - 5. Let u = -26 - -29. Suppose 4*v + u*v = 140. Calculate the remainder when v is divided by g.
2
Let h(w) = w**3 - w**2 - 2*w - 1. Let u(v) = -4*v**3 - 4*v - 1. Let i(n) = h(n) - u(n). Let r = -2 + 3. Calculate the remainder when 39 is divided by i(r).
3
Let t(z) = z**3 - 17*z**2 - 78*z - 24. Let o be t(21). Suppose 107*f - 235 = o*f. What is the remainder when f is divided by 42?
5
Let b = -2300 - -2731. Calculate the remainder when b is divided by 27.
26
Let a(w) = 19*w + 1. Let x be a(-1). Let f = x - -41. Let b(p) = 2*p**2 + 59*p + 457. What is the remainder when b(-18) is divided by f?
20
Let i = -4272 + 4485. What is the remainder when i is divided by 206?
7
Let i = -60 - -329. Suppose 3*r = 122*m - 117*m - 96, m = 3*r + 24. Calculate the remainder when i is divided by m.
17
Let x(d) = d**3 - 52*d - 12. Let a be x(-7). Suppose 2*i = -2*c + a + 19, -i + 18 = 5*c. Suppose k + 34 = 2*k. What is the remainder when k is divided by i?
8
Suppose 4130 = 22*v - o - 56143, 0 = 3*v + 5*o - 8255. What is the remainder when v is divided by 15?
10
Suppose 179*f = 174*f + 5*w + 290, -5*w = 2*f - 95. Calculate the remainder when 112 is divided by f.
2
What is the remainder when 1 + 130 - ((2 - (-5 + 0)) + -12) is divided by 12?
4
Let h(o) = o**3 + 4*o**2 - 78*o - 216. What is the remainder when 1267 is divided by h(-3)?
25
Suppose 0 = -f - 3*f + 32. Let j(a) be the second derivative of 5*a**4/12 - a**3/6 + 126*a. Calculate the remainder when j(-2) is divided by f.
6
Let k(y) = -15*y + 262. Calculate the remainder when k(-12) is divided by 74.
72
Let g(d) = -4 + 0*d - 4*d + 2 + d**2. Let n be g(5). Suppose 3*o - 72 = -n*a, 3*o - 8*o = 2*a - 60. Calculate the remainder when 65 is divided by a.
5
Suppose 114 = 4*k - 90. What is the remainder when k is divided by ((-676)/65)/((-2)/5)?
25
Suppose 2*y - 5 = y - 4*b, -y - 3*b + 9 = 0. Let h = y + -31. Let r(k) = -2*k + 10. Calculate the remainder when 86 is divided by r(h).
26
Let k be 102*5/(-10)*3. Let y be -4*2*215/8. Let s = k - y. Calculate the remainder when s is divided by 21.
20
Suppose 62 = 2*p - 4*x, -25 = -3*p - 2*x + 44. Suppose -3*o = -2*g + 21, -p = -3*o - 10. What is the remainder when 25 is divided by g?
7
Let y be (-7 + 47/7)/((-3)/63). Let k(n) = -16*n + 165. Suppose -2*x = -f + 37, -4*f + 3*x + 168 - 25 = 0. What is the remainder when k(y) is divided by f?
34
Let q be -109 + (-5)/1 + -1. Let x = 216 + q. What is the remainder when x is divided by 7?
3
Let n(a) = 6*a - 55. Let s(r) = 5*r - 53. Let j(q) = 4*n(q) - 5*s(q). What is the remainder when 62 is divided by j(27)?
8
Suppose -65*w + 163*w - 101430 = 0. Calculate the remainder when w is divided by 80.
75
Let z = 881 + -364. Calculate the remainder when z is divided by 121.
33
Let q be (1 + -2)/((-1)/68). Suppose -6*j = -t - 2*j + 25, j = 5*t - q. Suppose 0 = -9*l + 3*l + 174. Calculate the remainder when l is divided by t.
3
Let h = 1545 - 1504. What is the remainder when h is divided by 9?
5
What is the remainder when (12/(-9))/(76/(-8265)) is divided by 54?
37
Suppose 17523*k + 131 = 17524*k. Calculate the remainder when 235 is divided by k.
104
Let y(o) = -o**3 - 35*o**2 + 109*o - 96. Calculate the remainder when y(-38) is divided by 27.
13
Suppose 31*l - 9165 = -34*l. Suppose 24 - 6 = w. Calculate the remainder when l is divided by w.
15
Let b = 0 + 2. Suppose 2*z = 3*z - b. Suppose -227*n + 369 = -186*n. What is the remainder when n is divided by z?
1
Let b be 1/1 + 3/(6/44). Let v(o) = -o**2 + 25*o - 45. Let u be v(b). Calculate the remainder when 8 is divided by -3 + 1/(u/4).
0
Suppose -3*f + s + 44 = 0, 3*f + 3*s = 37 - 1. Let b(n) = 34*n - 7. Let o be (-3)/(-12) - (-6)/8. What is the remainder when b(o) is divided by f?
13
Let k(l) = -3*l**3 - 5*l**2 - l - 6. Let v be k(3). Let j = v - -149. What is the remainder when j is divided by 13?
1
Suppose 38147 + 15058 + 7147 = 164*b. Calculate the remainder when b is divided by 43.
24
Suppose 3*j + 119 = 5*a, 0 = a - 34*j + 31*j - 31. Calculate the remainder when (-322)/(-9) - (-4 - (-68)/18) is divided by a.
14
Let t = 496 - 413. What is the remainder when 2156 is divided by t?
81
Let i(u) = -u**3 + 23*u**2 - 45*u - 2. What is the remainder when i(16) is divided by 49?
41
Let g = -14808 - -14854. What is the remainder when 5933 is divided by g?
45
Let i(v) = -232*v - 143. What is the remainder when 237 is divided by i(-1)?
59
Let x = -2596 - -3305. Calculate the remainder when x is divided by 21.
16
Let g = -122 + 190. Suppose -5*b + 1001 = -0*b + w, -b + 198 = -2*w. What is the remainder when b is divided by g?
64
Suppose -136 = 5*x - 2*p, -3*x - 5*p + 4*p - 86 = 0. Let c be (-3 - 56)/(2/(-2)). Let k = c + x. Calculate the remainder when k is divided by 17.
14
Suppose -72*x + 396 = -6*x. Suppose -8 - 2 = -5*s. Calculate the remainder when x is divided by s.
0
Suppose 58*m = 57*m + 105. Suppose -102*k - 51 = -m*k. Calculate the remainder when 113 is divided by k.
11
Let h = -1098 + 1685. Calculate the remainder when h is divided by 10.
7
Calculate the remainder when 238 is divided by ((-12)/2)/(8/12) - -38.
6
Let h be (0 + 2 - 0)/((-2)/(-5)). Suppose 224 = h*z + 3*f, f - 11 = -3*z + 125. What is the remainder when 226 is divided by z?
42
Let w(z) = z**3 + 8*z**2 + 7*z - 4. Let i = -81 + 409. Let j = i - 277. Calculate the remainder when j is divided by w(-6).
25
Suppose -5*g + 147 + 966 = 8*b, 0 = 4*b + 5*g - 549. What is the remainder when 546 is divided by b?
123
Let k = 11 - 15. Let f be (k + 8 - 2)*2. Suppose -4*g + 28 = -4*p, f + 7 = -3*g - 5*p. Calculate the remainder when 7 is divided by g.
1
Suppose 5*m - 6*d = -9*d + 692, -5*d = 9*m - 1242. What is the remainder when 141 is divided by m?
8
Let d(x) be the third derivative of x**5/15 - x**4/24 - 7*x**3/3 + 146*x**2. Calculate the remainder when 141 is divided by d(4).
3
Suppose 354 = -2*y - z, -y - 4*y + 5*z = 870. Let a = 326 + y. What is the remainder when a is divided by 51?
48
Let k(q) = -11*q**3 - 4*q + 9*q**3 + 2*q**2 + 7 - 7*q**2. What is the remainder when k(-5) is divided by 32?
24
Suppose -7*j = -4*j - 75. Let n = 1250 + -1186. What is the remainder when n is divided by j?
14
Suppose 186*g - 139668 = -40*g. Calculate the remainder when g is divided by 8.
2
Suppose 192 = v - 3*b + 63, 0 = 4*b - 16. Let d = v + -117. Calculate the remainder when 116 is divided by d.
20
Suppose -4*s - 2*t - 188 + 28 = 0, 4*t + 110 = -3*s. Let d = 67 + s. What is the remainder when d is divided by 9?
7
Let q be (8/(-10))/(5/(-25)). Let y be (q/(-10))/((-12)/30). Calculate the remainder when (-77 + y)*-1 + (-6)/(-6) is divided by 39.
38
Let f(h) = -47 - 170 + 157*h - 165*h. Calculate the remainder when f(-31) is divided by 7.
3
Suppose 57*q - 83007 = 66390. What is the remainder when q is divided by 19?
18
Suppose 37*q - 1138 = -98*q + 3992. What is the remainder when 302 is divided by q?
36
Let u(z) = 4*z**3 + 6*z**2 + 10*z - 15. Calculate the remainder when u(5) 